 + 3*v**3 + 0*v**3 + 7*v**2. Let t be x(6). Suppose -4*q + 0*q = -t. Give l(q).
3
Let a(x) = x**3 + 8*x**2 + 2*x + 7. Let l be a(-8). Let p be (24/l - -2)*6. Let v(g) = -1 - 5*g + 7 + 7*g. Determine v(p).
-2
Let o(f) be the first derivative of -f**2 + 0*f + 5 + 1/3*f**3. Give o(5).
15
Let m(v) be the first derivative of v**4/4 + 4*v**3/3 + v**2 - 4*v - 104. Let z(t) = -t**2 - 5*t + 2. Let c be z(-6). What is m(c)?
-12
Let o(p) = -8*p**2 - 1. Suppose 0 = -3*s + 5*l + 3, s - 2*l - 5 = -4*s. Calculate o(s).
-9
Suppose 3*h - 15 = 0, 0 = 5*f - h - 4*h. Let d(y) = -y**2 + 6*y + 1. Give d(f).
6
Let t(y) = -3*y + 1. Let d be 3/(6/14) + 2. Suppose 0 = 2*j + j - d. Suppose a + 5 = 2*u, a + u - 1 = j*a. Calculate t(a).
-2
Let g(x) = 11*x - 8. Let a(c) = 10*c - 7. Let h(r) = -7*a(r) + 6*g(r). Let d(i) = i - 1. Let s(k) = 3*d(k) + h(k). Calculate s(-3).
1
Let p(s) = 3*s**3 - 44*s**2 - 28*s + 56. Let l(f) = -f**3 + 15*f**2 + 9*f - 19. Let v(u) = -11*l(u) - 4*p(u). Give v(12).
-3
Let c(k) = -1 + 3*k + 1. Suppose 4*x + x + 23 = -4*y, 5*x = 4*y - 7. What is c(x)?
-9
Let t(f) = -15*f**3 + f - 4*f**2 - 3 + 10*f**3 + 4*f**3. Calculate t(-4).
-7
Let c(a) = 2*a - 5. Let g be 2 - (0 - -1)*-3. Let s = 2 + -2. Let u = s + g. Calculate c(u).
5
Let n(p) = -1 + p**3 + 1 + 5*p**2 - 3*p + 6*p - 4. Let d be n(-4). Let s(t) = -t - 10. Give s(d).
-10
Let y(v) = v + 6. Suppose -5*h = 20, g + 4 + 7 = -3*h. Let i(t) = -g + 0 + 3 + 0*t**2 + t**2 + 3*t. Let o be i(-2). Give y(o).
6
Let d(l) be the second derivative of l**4/12 + 5*l**3/6 + 3*l**2/2 + 2*l. Let c be ((-2)/6)/((-3)/9). Let b be c/(-2)*(-12)/(-2). What is d(b)?
-3
Let l(t) = 5*t**2 - 6*t + 4. Let x(p) = 4*p**2 - 5*p + 3. Let f(k) = 3*l(k) - 4*x(k). Suppose -2 + 10 = -4*w. What is f(w)?
-8
Let v = -14 + 10. Let s(n) = -n**2 - 3*n - 1. What is s(v)?
-5
Let i(p) be the first derivative of 1/3*p**3 + 4*p - 5/2*p**2 + 2. Let d be ((-18)/(-15))/(9/30). What is i(d)?
0
Let k(g) = -g**3 - g + 1. Let h(c) = -4*c**3 + 5*c**2 - 12*c - 1. Let q(w) = -h(w) + 5*k(w). Give q(-6).
0
Let o = 3 - 0. Let r(v) = -2*v**2 + 4*v - 2. Give r(o).
-8
Let k(b) = 3*b**3 + 5*b**2 + 6*b + 8. Let w(z) = 4*z**3 + 6*z**2 + 7*z + 9. Let q(y) = 3*y - 1. Let s be q(-1). Let a(u) = s*w(u) + 5*k(u). Give a(3).
-8
Let y(z) = 5 - 4*z - 2 + 4*z**2 - 3*z**3 + 2*z**3. Give y(3).
0
Let q(b) = b**2 + 6*b + 5. Let c be q(-6). Let o(w) = w**3 - 12*w**2 + 11*w + 1. Let s(x) = x**2 - x - 1. Let a(h) = o(h) + 6*s(h). What is a(c)?
-5
Let u(q) = 11 + 1 - q - 5. Let d be u(6). Let t(g) = g**2. Determine t(d).
1
Suppose 6 - 3 = 3*i. Suppose 2*l = 3*m + i, -l + m - 13 = 4*m. Let n(v) be the second derivative of v**4/12 + 5*v**3/6 + v**2/2 - v. Give n(l).
-3
Let p be 72/40 - (-1)/5. Let s(g) = 2*g**2 - p*g - 1 - 2*g + 4*g - g + g**3. Determine s(-2).
1
Suppose -2*u = -1 + 3. Let l(k) = -2*k - 1. Give l(u).
1
Let s(r) = -10*r**2 - r + 4. Let g(z) = -7*z**2 - z + 3. Let y be (5 - 9/(-3)) + -1. Let j(h) = y*g(h) - 5*s(h). Give j(1).
0
Let j(y) = -y**2 - 2*y + 5. Suppose 27 - 7 = -5*v. Determine j(v).
-3
Let o be (-168)/35 - (2 - (-18)/(-10)). Let q(p) = -2*p**2 - 7*p + 1. Determine q(o).
-14
Let h(g) = -g**2 + g + 1. Let z(y) = 3*y**2 - 3*y - 3. Let j(d) = -17*h(d) - 6*z(d). Let l(w) = w - 1. Let v be l(0). What is j(v)?
-1
Let i(a) = -5*a - a + 2*a + 3*a. Let z = 2 - 0. Let w be 16/(-6) + z/(-6). What is i(w)?
3
Suppose -v = -6*v + 100. Let g be v/8*8/(-10). Let a(m) = -3 - 2*m**3 - 2*m - 2*m**2 + m**3 + m**2. What is a(g)?
5
Let i(x) = 3*x + 4. Let y = -50 - -54. Determine i(y).
16
Let i(d) be the second derivative of -d**5/20 - d**4/4 + d**3/2 + 5*d**2/2 + 3*d. Suppose 5*x + 5 = -15. Calculate i(x).
9
Let x(k) = -2 - 1 + 0 + k + 4*k. Determine x(-4).
-23
Let g(k) = -k**3 + k - 2. Let n = -9 + 9. Give g(n).
-2
Let l(j) = -j**3 - 2*j**2 - 3*j - 3 + 7 - 5. Determine l(-2).
5
Suppose r + 5 = 0, 4*t = -0*r + 5*r + 49. Let w(n) = -n**2 + 8*n - 1. Determine w(t).
11
Suppose 2*d - 42 = -0*d. Let m = d + -17. Let v(p) = -p + 2. Give v(m).
-2
Let d(n) = -3*n + 4. Let w = 98 + -103. Give d(w).
19
Let w(z) = 9*z**2 + 10*z**2 - 5*z - 18*z**2 + 4*z. What is w(3)?
6
Let i(u) = u**2 - 2*u**2 - 2 + 0*u - 5*u. Suppose 16 = -4*l + 5*w - 14, -21 = 5*l + 2*w. Give i(l).
-2
Let n(l) = 2*l + 2. Suppose -5 - 7 = -3*r. Suppose 0 = r*h - 2*h - 4. Calculate n(h).
6
Let u(b) = b - 1. Let d(w) = -w**2 - 3*w + 7. Let y(l) = d(l) + 6*u(l). Let x = -5 + 8. Suppose 4*h - 5*i = 22, -4*i + 3*i = -x*h + 11. Give y(h).
1
Let f(n) = -7*n + 3. Let o(x) = -3*x + 2. Let d(i) = 2*f(i) - 5*o(i). What is d(3)?
-1
Let z = -10 + 5. Let n(y) = 2*y + 3. Let i(b) = b + 2. Let c(d) = 9*i(d) - 4*n(d). What is c(z)?
1
Let h(r) = 4*r - r + 2*r + 1 - 2*r. What is h(1)?
4
Let b(m) be the first derivative of 2*m**3/3 + m**2 + 2*m - 25. Calculate b(-2).
6
Let t(c) be the second derivative of -c**3/2 + 3*c**2 - c. Suppose 4*r - 28 = -12. Determine t(r).
-6
Let a(q) = 8*q**2 + 4*q - 5*q**2 + 11*q**2 - 2 + 3. Let u(p) = 15*p**2 + 5*p + 1. Let l(k) = 5*a(k) - 4*u(k). Calculate l(-1).
11
Let d be 3 + 0 - 0 - 4. Let y(g) = -4*g**3 - 2*g**2 - g. Calculate y(d).
3
Suppose -4*q + 4 = -0. Let s = -1 - q. Let g(x) = 3*x**2 - 5*x - 2. Let c(o) = 3*o**2 - 4*o - 2. Let k(a) = 7*c(a) - 6*g(a). Calculate k(s).
6
Let s(m) be the third derivative of m**6/120 - 7*m**5/60 + m**3/6 - 17*m**2 + 2. What is s(7)?
1
Let o = 22 - 26. Let d(x) = -4*x - 6. Give d(o).
10
Let a(b) = 0 - 1 + 0. Let q(d) = -d**2. Let s(j) = a(j) - 2*q(j). Give s(-2).
7
Let k(u) be the first derivative of -u**4/4 - 5*u**3/3 + 3*u**2 - 4*u + 8. Determine k(-6).
-4
Let m(k) = -k + 23. Let t be m(21). Let a(b) be the first derivative of 0*b - 1/2*b**t - 4. Determine a(-1).
1
Let u(h) be the second derivative of 0 + 1/2*h**2 - 2*h - 1/6*h**4 + 1/3*h**3. What is u(-2)?
-11
Let o(i) = -4 - 6*i + 2*i**2 - 6*i**2 + 6*i**2 + i**3. What is o(-4)?
-12
Let x(c) be the second derivative of -c**5/10 - c**4/12 - c**3/6 + c**2/2 + c. What is x(1)?
-3
Let d(z) = -z**2 + 3*z + 2. Let w(f) = -f**2 + 7*f + 11. Let v be w(8). Determine d(v).
2
Let c(z) be the third derivative of z**6/60 - z**5/60 - z**4/12 - z**3/6 + 3*z**2. What is c(-1)?
-2
Let z = 15 - 11. Suppose 0 = -4*r - m + 9, -5*r + 3*m - 6 = z. Let w(o) = 3*o**2 - o + 3. Let c(s) = 1. Let u(b) = -3*c(b) + w(b). Give u(r).
2
Suppose -5*s + 50 = 5*q, 3*q - 2*s - 9 = 6. Let z(f) = -f**2 + 0*f**2 + 4*f - 6 + q. Determine z(2).
5
Let f(g) = -1 + g**2 - 1 + 1. Suppose -i - 17 = -5*j, -2*i - 3*j = -j + 10. Let o = i - -6. Give f(o).
0
Let l(h) be the third derivative of -1/24*h**4 + 0 - 2*h**2 + 0*h - 1/12*h**5 - 1/6*h**3. Let f(y) = -y**3 - 4*y**2 + y + 3. Let c be f(-4). Give l(c).
-5
Let o be (-2*1)/(4/(-6)). Suppose 2*q - 2 = -2*y - 2*y, o*q = -4*y + 1. Let j(l) = 5*l - l + 0 - 3*l - y. Determine j(6).
5
Suppose 25*c = 27*c - 8. Let j(h) = c*h - 29*h + 9*h. Determine j(1).
-16
Let m(p) = p**2. Let a(n) = -2*n**2 - 7*n + 8. Let z(j) = -a(j) - m(j). Give z(-8).
0
Let t(b) be the first derivative of -3/2*b**2 + 1 + 1/3*b**3 - 6*b. Suppose 2*i - 4 = 6. Give t(i).
4
Let u(x) be the first derivative of -x + 1 - 3/2*x**2. What is u(-1)?
2
Suppose 5*d + 4 = 2*x - 9, -2*d + 14 = 4*x. Let p(g) be the first derivative of g**2/2 - 3*g + 2. Determine p(x).
1
Suppose -7 = 3*j - 22. Suppose j*p + 5*b = 15, -b = -3*p - 2 + 3. Let l(k) = 7*k**3 - k + 1. Determine l(p).
7
Let y = 9 + -7. Let t(j) = 4*j + 0 - j**3 + 1 + y. Let k = 4 - 6. Calculate t(k).
3
Let m = -3 + -1. Let b(u) = -u**2 - 4*u + 5. Determine b(m).
5
Let t(n) = 3*n. Let k(z) = 3 - 3 - 3 + 4. Let u(w) = 4*k(w) + t(w). Give u(-3).
-5
Let v(s) be the second derivative of -s**4/24 - s**3/6 - s**2 + 2*s. Let m(k) be the first derivative of v(k). Calculate m(2).
-3
Let y(l) = 4*l - 4. Let p be 1/(-4) + (-150)/40. Calculate y(p).
-20
Let x(p) = -6 + p**2 + 4*p + 2*p**3 + 13 + p**2 - 5. Give x(-2).
-14
Let h(s) = s**2 - 5*s - 8. Let l be h(7). Let d(c) = -l*c + 2 + 2*c + c + 4*c. Suppose p + 3 = -0*p - 5*r, -4*r = -3*p - 9. What is d(p)?
-1
Suppose 7*u + 52 = 3*u. Let l be u/(-5) - 2/(-5). Suppose -2*i = 6*p - 9*p + 1, -l*i = 5*p + 11. Let j(y) = y**2 + 2. Calculate j(i).
6
Let y(z) be the third derivative of z**5/60 + z**4/24 + z**3/6 + 8*z**2. Give y(-2).
3
Suppose -u - 3*u - 44 = -5*g, 0 = -5*